{"id":119,"date":"2013-07-17T15:34:21","date_gmt":"2013-07-17T13:34:21","guid":{"rendered":"https:\/\/domani.tisco.at:13200\/?page_id=119"},"modified":"2024-01-04T18:02:59","modified_gmt":"2024-01-04T16:02:59","slug":"gastgarten","status":"publish","type":"page","link":"https:\/\/www.domani.at\/?page_id=119","title":{"rendered":"Gastgarten"},"content":{"rendered":"<p style=\"text-align: left;\">Blumen, Schatten, Ruhe, Gelassenheit und vieles mehr finden Sie<br \/>in unserem malerischen Gastgarten.<\/p>\n<p style=\"text-align: left;\">Lassen Sie sich einfach von dieser gem\u00fctlichen Atmosph\u00e4re anstecken und genie\u00dfen Sie die Zeit bei uns.<\/p>\n<p style=\"text-align: left;\">Um telefonische Reservierung wird gebeten, damit wir Ihren Vorstellungen gerecht werden k\u00f6nnen.<\/p>\n<p style=\"text-align: left;\">Wir geben unser Bestes einen passenden Tisch f\u00fcr Sie zu finden.<br \/>Leider k\u00f6nnen wir gew\u00fcnschte bzw. spezielle Tischw\u00fcnsche nicht versprechen.<\/p>\n\n\n<p><a href=\"https:\/\/www.weinviertel-360grad.at\/virtualtours\/strasshof\/pizzeriadomani2022\/domani_portal_neu.html\" target=\"_blank\" rel=\"noreferrer noopener\">Hier geht es zum 360\u00b0 Rundgang &#8211; viel Spa\u00df \ud83d\ude42<\/a><\/p>\n\n\n<p style=\"text-align: left;\"><\/p>","protected":false},"excerpt":{"rendered":"<p>Blumen, Schatten, Ruhe, Gelassenheit und vieles mehr finden Siein unserem malerischen Gastgarten. Lassen Sie sich einfach von dieser gem\u00fctlichen Atmosph\u00e4re anstecken und genie\u00dfen Sie die Zeit bei uns. Um telefonische Reservierung wird gebeten, damit wir Ihren Vorstellungen gerecht werden k\u00f6nnen. &hellip; <a href=\"https:\/\/www.domani.at\/?page_id=119\">Weiterlesen <span class=\"meta-nav\">&rarr;<\/span><\/a><\/p>\n","protected":false},"author":1,"featured_media":0,"parent":59,"menu_order":5,"comment_status":"closed","ping_status":"closed","template":"","meta":{"footnotes":""},"_links":{"self":[{"href":"https:\/\/www.domani.at\/index.php?rest_route=\/wp\/v2\/pages\/119"}],"collection":[{"href":"https:\/\/www.domani.at\/index.php?rest_route=\/wp\/v2\/pages"}],"about":[{"href":"https:\/\/www.domani.at\/index.php?rest_route=\/wp\/v2\/types\/page"}],"author":[{"embeddable":true,"href":"https:\/\/www.domani.at\/index.php?rest_route=\/wp\/v2\/users\/1"}],"replies":[{"embeddable":true,"href":"https:\/\/www.domani.at\/index.php?rest_route=%2Fwp%2Fv2%2Fcomments&post=119"}],"version-history":[{"count":18,"href":"https:\/\/www.domani.at\/index.php?rest_route=\/wp\/v2\/pages\/119\/revisions"}],"predecessor-version":[{"id":1895,"href":"https:\/\/www.domani.at\/index.php?rest_route=\/wp\/v2\/pages\/119\/revisions\/1895"}],"up":[{"embeddable":true,"href":"https:\/\/www.domani.at\/index.php?rest_route=\/wp\/v2\/pages\/59"}],"wp:attachment":[{"href":"https:\/\/www.domani.at\/index.php?rest_route=%2Fwp%2Fv2%2Fmedia&parent=119"}],"curies":[{"name":"wp","href":"https:\/\/api.w.org\/{rel}","templated":true}]}}