{"id":616,"date":"2014-06-14T22:13:16","date_gmt":"2014-06-14T20:13:16","guid":{"rendered":"http:\/\/www.domani.at\/?page_id=616"},"modified":"2025-11-20T07:50:23","modified_gmt":"2025-11-20T05:50:23","slug":"informationen-kurz-buendig","status":"publish","type":"page","link":"https:\/\/www.domani.at\/?page_id=616","title":{"rendered":"Informationen &#8211; kurz &#038; b\u00fcndig"},"content":{"rendered":"<p style=\"text-align: center;\"><a href=\"https:\/\/ibev5.hotels-online-buchen.de\/ibe\/domaninordbahn\" target=\"_blank\" rel=\"noopener\"><span style=\"color: #ff0000;\">JETZT BUCHEN<\/span><\/a><\/p>\n<p style=\"text-align: center;\"><strong>Zimmerpreise:<\/strong><\/p>\n<p style=\"text-align: center;\">Einzelzimmer\u00a0\u00a0 \u00a0\u00a0\u00a0\u00a0\u00a0\u00a0 \u20ac 59,00,-<br \/>\nDoppelzimmer\u00a0\u00a0\u00a0\u00a0\u00a0\u00a0\u00a0 \u20ac 109,00,-<br \/>\nDoppelzimmer zur Einzelben\u00fctzung \u20ac 70,00,-<\/p>\n<p style=\"text-align: center;\">Diese Preise sind als Zimmerpreise zu sehen und beinhalten Fr\u00fchst\u00fcck,<br \/>\nOrtstaxe sowie alle Steuern und Abgaben.<\/p>\n<p style=\"text-align: center;\"><strong><br \/>\nReservierungen k\u00f6nnen nur schriftlich per E-Mail oder \u00fcber unsere online Buchungsplattform get\u00e4tigt werden.<br \/>\n<\/strong><\/p>\n<p style=\"text-align: center;\"><strong>Check IN \/ Check OUT<\/strong><\/p>\n<p style=\"text-align: center;\">\u00a0\u00a0\u00a0Check-In &#8211; 12:00 Uhr &#8211; am Anreisetag<br \/>\nCheck-Out &#8211; 10:00 Uhr &#8211; am Abreisetag<\/p>\n<p style=\"text-align: center;\"><strong>Fr\u00fchst\u00fcckszeiten<\/strong><\/p>\n<p style=\"text-align: center;\">Montag &#8211; Freitag von 06:00 &#8211; 08:00<br \/>\nSamstag, Sonntag &amp; Feiertag von 07:30 &#8211; 09:00<\/p>\n<p><span style=\"color: #000000; font-family: Calibri; font-size: medium;\">\u00a0<\/span><\/p>\n<p style=\"text-align: center;\"><strong>Ausstattung der Zimmer<br \/>\n<\/strong><br \/>\nTop designte Zimmer in hoher Qualit\u00e4t<br \/>\nLuxuri\u00f6se Boxspringbetten der Extraklasse<br \/>\n32&#8243; Zoll Flatscreen<br \/>\nZimmertresor<br \/>\nHandtuch und Badetuchservice<br \/>\nIn jedem Doppel &amp; Dreibettzimmer ist das Bad und das WC<br \/>\nbaulich voneinander getrennt.<\/p>\n<p style=\"text-align: center;\"><strong>W-Lan: Kostenlos<br \/>\n<\/strong>Der Zugangscode befindet sich in der Hotelmappe<strong><br \/>\n<\/strong><\/p>\n<p style=\"text-align: center;\"><strong>Parkplatzm\u00f6glichkeit im Innenhof<br \/>\n<\/strong>Zufahrt \u00fcber\u00a0Bahnhofsplatz &#8211; nur mit der Zimmerkarte m\u00f6glich<\/p>\n<p style=\"text-align: center;\"><strong>Getr\u00e4nkeautomat: <\/strong>JA<\/p>\n<p style=\"text-align: center;\"><strong>Kontakt<\/strong><br \/>\nE-Mail.:\u00a0 casa@domani.at<br \/>\nSie erreichen uns auch telefonisch von 11:00 \u2013 18:00 Uhr unter 0664 54 00 750<\/p>\n<p style=\"text-align: center;\"><span style=\"font-family: 'Calibri Light',sans-serif;\"><span style=\"color: #000000; font-size: medium;\">DOMANI CASA<br \/>\nBahnhofsplatz 7 \u2013 2231 Strasshof<\/span><br \/>\n<\/span><span style=\"font-family: 'Calibri Light',sans-serif;\"><strong><span style=\"color: #000000; font-size: medium;\">Domani Betriebs GmbH<br \/>\n<\/span><\/strong><\/span><span style=\"font-family: 'Calibri Light',sans-serif; font-size: 10pt;\"><span style=\"color: #000000;\">ATU 71416817<br \/>\n<\/span><\/span><span style=\"font-family: 'Calibri Light',sans-serif;\"><span style=\"color: #000000; font-size: medium;\">Dr.-Lueger-Platz 2 \u2013 2231 Strasshof<\/span><\/span><\/p>\n<p style=\"text-align: center;\">\n","protected":false},"excerpt":{"rendered":"<p>JETZT BUCHEN Zimmerpreise: Einzelzimmer\u00a0\u00a0 \u00a0\u00a0\u00a0\u00a0\u00a0\u00a0 \u20ac 59,00,- Doppelzimmer\u00a0\u00a0\u00a0\u00a0\u00a0\u00a0\u00a0 \u20ac 109,00,- Doppelzimmer zur Einzelben\u00fctzung \u20ac 70,00,- Diese Preise sind als Zimmerpreise zu sehen und beinhalten Fr\u00fchst\u00fcck, Ortstaxe sowie alle Steuern und Abgaben. Reservierungen k\u00f6nnen nur schriftlich per E-Mail oder \u00fcber unsere &hellip; <a href=\"https:\/\/www.domani.at\/?page_id=616\">Weiterlesen <span class=\"meta-nav\">&rarr;<\/span><\/a><\/p>\n","protected":false},"author":1,"featured_media":0,"parent":60,"menu_order":2,"comment_status":"closed","ping_status":"closed","template":"","meta":{"footnotes":""},"_links":{"self":[{"href":"https:\/\/www.domani.at\/index.php?rest_route=\/wp\/v2\/pages\/616"}],"collection":[{"href":"https:\/\/www.domani.at\/index.php?rest_route=\/wp\/v2\/pages"}],"about":[{"href":"https:\/\/www.domani.at\/index.php?rest_route=\/wp\/v2\/types\/page"}],"author":[{"embeddable":true,"href":"https:\/\/www.domani.at\/index.php?rest_route=\/wp\/v2\/users\/1"}],"replies":[{"embeddable":true,"href":"https:\/\/www.domani.at\/index.php?rest_route=%2Fwp%2Fv2%2Fcomments&post=616"}],"version-history":[{"count":27,"href":"https:\/\/www.domani.at\/index.php?rest_route=\/wp\/v2\/pages\/616\/revisions"}],"predecessor-version":[{"id":2355,"href":"https:\/\/www.domani.at\/index.php?rest_route=\/wp\/v2\/pages\/616\/revisions\/2355"}],"up":[{"embeddable":true,"href":"https:\/\/www.domani.at\/index.php?rest_route=\/wp\/v2\/pages\/60"}],"wp:attachment":[{"href":"https:\/\/www.domani.at\/index.php?rest_route=%2Fwp%2Fv2%2Fmedia&parent=616"}],"curies":[{"name":"wp","href":"https:\/\/api.w.org\/{rel}","templated":true}]}}